{"id":199,"date":"2024-04-24T17:56:29","date_gmt":"2024-04-24T15:56:29","guid":{"rendered":"https:\/\/oceanedphotographie.com\/?page_id=199"},"modified":"2024-04-24T20:29:02","modified_gmt":"2024-04-24T18:29:02","slug":"famille","status":"publish","type":"page","link":"https:\/\/oceanedphotographie.com\/index.php\/famille\/","title":{"rendered":"Famille"},"content":{"rendered":"<p>[et_pb_section fb_built=\u00a0\u00bb1&Prime; _builder_version=\u00a0\u00bb4.9.2&Prime; _module_preset=\u00a0\u00bbdefault\u00a0\u00bb][et_pb_row _builder_version=\u00a0\u00bb4.9.2&Prime; _module_preset=\u00a0\u00bbdefault\u00a0\u00bb custom_padding=\u00a0\u00bb8px||7px|||\u00a0\u00bb locked=\u00a0\u00bboff\u00a0\u00bb][et_pb_column type=\u00a0\u00bb4_4&Prime; _builder_version=\u00a0\u00bb4.9.2&Prime; _module_preset=\u00a0\u00bbdefault\u00a0\u00bb][et_pb_text _builder_version=\u00a0\u00bb4.9.2&Prime; _module_preset=\u00a0\u00bbdefault\u00a0\u00bb text_font=\u00a0\u00bbCormorant Garamond||||||||\u00a0\u00bb header_2_font=\u00a0\u00bb|700|||||||\u00a0\u00bb header_2_text_align=\u00a0\u00bbcenter\u00a0\u00bb header_2_text_color=\u00a0\u00bbgcid-924db58c-62d6-4908-ae75-bfc6cc1e8ca3&Prime; header_2_font_size=\u00a0\u00bb31px\u00a0\u00bb custom_margin=\u00a0\u00bb-6px||16px|||\u00a0\u00bb global_colors_info=\u00a0\u00bb{%22gcid-924db58c-62d6-4908-ae75-bfc6cc1e8ca3%22:%91%22header_2_text_color%22%93}\u00a0\u00bb]<\/p>\n<h2>Les Formules Famille<\/h2>\n<p>[\/et_pb_text][et_pb_divider color=\u00a0\u00bbgcid-e831b10f-635f-4881-9728-dfa2e7798a59&Prime; _builder_version=\u00a0\u00bb4.9.2&Prime; _module_preset=\u00a0\u00bbdefault\u00a0\u00bb width=\u00a0\u00bb11%\u00a0\u00bb module_alignment=\u00a0\u00bbcenter\u00a0\u00bb custom_margin=\u00a0\u00bb||8px|||\u00a0\u00bb custom_padding=\u00a0\u00bb||0px|||\u00a0\u00bb global_colors_info=\u00a0\u00bb{%22gcid-924db58c-62d6-4908-ae75-bfc6cc1e8ca3%22:%91%93,%22gcid-e831b10f-635f-4881-9728-dfa2e7798a59%22:%91%22color%22%93}\u00a0\u00bb][\/et_pb_divider][et_pb_text _builder_version=\u00a0\u00bb4.9.2&Prime; _module_preset=\u00a0\u00bbdefault\u00a0\u00bb text_font=\u00a0\u00bbCormorant Garamond||||||||\u00a0\u00bb text_text_color=\u00a0\u00bbgcid-924db58c-62d6-4908-ae75-bfc6cc1e8ca3&Prime; text_font_size=\u00a0\u00bb16px\u00a0\u00bb text_orientation=\u00a0\u00bbcenter\u00a0\u00bb global_colors_info=\u00a0\u00bb{%22gcid-924db58c-62d6-4908-ae75-bfc6cc1e8ca3%22:%91%22text_text_color%22%93}\u00a0\u00bb][\/et_pb_text][\/et_pb_column][\/et_pb_row][et_pb_row column_structure=\u00a0\u00bb1_3,1_3,1_3&Prime; _builder_version=\u00a0\u00bb4.9.2&Prime; _module_preset=\u00a0\u00bbdefault\u00a0\u00bb locked=\u00a0\u00bboff\u00a0\u00bb][et_pb_column type=\u00a0\u00bb1_3&Prime; _builder_version=\u00a0\u00bb4.9.2&Prime; _module_preset=\u00a0\u00bbdefault\u00a0\u00bb][et_pb_image src=\u00a0\u00bbhttp:\/\/oceanedphotographie.com\/wp-content\/uploads\/2024\/04\/DSC0690-scaled.jpg\u00a0\u00bb title_text=\u00a0\u00bb_DSC0690&Prime; align=\u00a0\u00bbcenter\u00a0\u00bb _builder_version=\u00a0\u00bb4.9.2&Prime; _module_preset=\u00a0\u00bbdefault\u00a0\u00bb width=\u00a0\u00bb69%\u00a0\u00bb][\/et_pb_image][et_pb_text _builder_version=\u00a0\u00bb4.9.2&Prime; _module_preset=\u00a0\u00bbdefault\u00a0\u00bb text_font=\u00a0\u00bbCormorant Garamond||||||||\u00a0\u00bb text_text_color=\u00a0\u00bb#000000&Prime; text_font_size=\u00a0\u00bb16px\u00a0\u00bb header_2_font=\u00a0\u00bbCormorant Garamond|700|||||||\u00a0\u00bb header_2_text_color=\u00a0\u00bbgcid-924db58c-62d6-4908-ae75-bfc6cc1e8ca3&Prime; global_colors_info=\u00a0\u00bb{%22gcid-924db58c-62d6-4908-ae75-bfc6cc1e8ca3%22:%91%22header_2_text_color%22%93}\u00a0\u00bb]<\/p>\n<h2>Douceur &#8211; 10 photos<\/h2>\n<ul>\n<li>1 s\u00e9ance Famille, en ext\u00e9rieur ou \u00e0 domicile<\/li>\n<li>10 photos num\u00e9riques de votre choix retouch\u00e9es<\/li>\n<li>Livraison des photos via une galerie en ligne<\/li>\n<li>D\u00e9placements inclus jusqu&rsquo;\u00e0 20km<\/li>\n<li>Pour la r\u00e9servation un acompte de 30% est requis<\/li>\n<\/ul>\n<p><em>+ En option : photos suppl\u00e9mentaires et tirages<\/em><\/p>\n<p>[\/et_pb_text][et_pb_button button_url=\u00a0\u00bbhttps:\/\/oceanedphotographie.com\/index.php\/contact\/\u00a0\u00bb button_text=\u00a0\u00bbEn Savoir Plus\u00a0\u00bb button_alignment=\u00a0\u00bbleft\u00a0\u00bb _builder_version=\u00a0\u00bb4.9.2&Prime; _module_preset=\u00a0\u00bbdefault\u00a0\u00bb custom_button=\u00a0\u00bbon\u00a0\u00bb button_text_size=\u00a0\u00bb16px\u00a0\u00bb button_text_color=\u00a0\u00bbgcid-e831b10f-635f-4881-9728-dfa2e7798a59&Prime; global_colors_info=\u00a0\u00bb{%22gcid-e831b10f-635f-4881-9728-dfa2e7798a59%22:%91%22button_text_color%22%93}\u00a0\u00bb][\/et_pb_button][\/et_pb_column][et_pb_column type=\u00a0\u00bb1_3&Prime; _builder_version=\u00a0\u00bb4.9.2&Prime; _module_preset=\u00a0\u00bbdefault\u00a0\u00bb][et_pb_image src=\u00a0\u00bbhttp:\/\/oceanedphotographie.com\/wp-content\/uploads\/2024\/04\/DSC08477-Enhanced-NR-1-scaled.jpg\u00a0\u00bb title_text=\u00a0\u00bbDSC08477-Enhanced-NR\u00a0\u00bb align=\u00a0\u00bbcenter\u00a0\u00bb _builder_version=\u00a0\u00bb4.9.2&Prime; _module_preset=\u00a0\u00bbdefault\u00a0\u00bb width=\u00a0\u00bb69%\u00a0\u00bb hover_enabled=\u00a0\u00bb0&Prime; sticky_enabled=\u00a0\u00bb0&Prime;][\/et_pb_image][et_pb_text _builder_version=\u00a0\u00bb4.9.2&Prime; _module_preset=\u00a0\u00bbdefault\u00a0\u00bb text_font=\u00a0\u00bbCormorant Garamond||||||||\u00a0\u00bb text_text_color=\u00a0\u00bb#000000&Prime; text_font_size=\u00a0\u00bb16px\u00a0\u00bb header_2_font=\u00a0\u00bbCormorant Garamond|700|||||||\u00a0\u00bb header_2_text_color=\u00a0\u00bbgcid-924db58c-62d6-4908-ae75-bfc6cc1e8ca3&Prime; global_colors_info=\u00a0\u00bb{%22gcid-924db58c-62d6-4908-ae75-bfc6cc1e8ca3%22:%91%22header_2_text_color%22%93}\u00a0\u00bb]<\/p>\n<h2>Coeur &#8211; 15 photos<\/h2>\n<ul>\n<li>1 s\u00e9ance Famille, en ext\u00e9rieur ou \u00e0 domicile<\/li>\n<li>15 photos num\u00e9riques de votre choix retouch\u00e9es<\/li>\n<li>Livraison des photos via une galerie en ligne<\/li>\n<li>D\u00e9placements inclus jusqu&rsquo;\u00e0 20km<\/li>\n<li>Pour la r\u00e9servation un acompte de 30% est requis<\/li>\n<\/ul>\n<p><em>+ En option : photos suppl\u00e9mentaires et tirages<\/em><\/p>\n<p>[\/et_pb_text][et_pb_button button_url=\u00a0\u00bbhttps:\/\/oceanedphotographie.com\/index.php\/contact\/\u00a0\u00bb button_text=\u00a0\u00bbEn Savoir Plus\u00a0\u00bb button_alignment=\u00a0\u00bbleft\u00a0\u00bb _builder_version=\u00a0\u00bb4.9.2&Prime; _module_preset=\u00a0\u00bbdefault\u00a0\u00bb custom_button=\u00a0\u00bbon\u00a0\u00bb button_text_size=\u00a0\u00bb16px\u00a0\u00bb button_text_color=\u00a0\u00bbgcid-e831b10f-635f-4881-9728-dfa2e7798a59&Prime; global_colors_info=\u00a0\u00bb{%22gcid-e831b10f-635f-4881-9728-dfa2e7798a59%22:%91%22button_text_color%22%93}\u00a0\u00bb][\/et_pb_button][\/et_pb_column][et_pb_column type=\u00a0\u00bb1_3&Prime; _builder_version=\u00a0\u00bb4.9.2&Prime; _module_preset=\u00a0\u00bbdefault\u00a0\u00bb][et_pb_image src=\u00a0\u00bbhttp:\/\/oceanedphotographie.com\/wp-content\/uploads\/2024\/04\/DSC09908-scaled.jpg\u00a0\u00bb title_text=\u00a0\u00bbDSC09908&Prime; align=\u00a0\u00bbcenter\u00a0\u00bb _builder_version=\u00a0\u00bb4.9.2&Prime; _module_preset=\u00a0\u00bbdefault\u00a0\u00bb width=\u00a0\u00bb69%\u00a0\u00bb][\/et_pb_image][et_pb_text _builder_version=\u00a0\u00bb4.9.2&Prime; _module_preset=\u00a0\u00bbdefault\u00a0\u00bb text_font=\u00a0\u00bbCormorant Garamond||||||||\u00a0\u00bb text_text_color=\u00a0\u00bb#000000&Prime; text_font_size=\u00a0\u00bb16px\u00a0\u00bb header_2_font=\u00a0\u00bbCormorant Garamond|700|||||||\u00a0\u00bb header_2_text_color=\u00a0\u00bbgcid-924db58c-62d6-4908-ae75-bfc6cc1e8ca3&Prime; global_colors_info=\u00a0\u00bb{%22gcid-924db58c-62d6-4908-ae75-bfc6cc1e8ca3%22:%91%22header_2_text_color%22%93}\u00a0\u00bb]<\/p>\n<h2>Bonheur &#8211; 20 photos<\/h2>\n<ul>\n<li>1 s\u00e9ance Famille, en ext\u00e9rieur ou \u00e0 domicile<\/li>\n<li>20 photos num\u00e9riques de votre choix retouch\u00e9es<\/li>\n<li>Livraison des photos via une galerie en ligne<\/li>\n<li>D\u00e9placements inclus jusqu&rsquo;\u00e0 20km<\/li>\n<li>Pour la r\u00e9servation un acompte de 30% est requis<\/li>\n<\/ul>\n<p><em>+ En option : photos suppl\u00e9mentaires et tirages<\/em><\/p>\n<p>[\/et_pb_text][et_pb_button button_url=\u00a0\u00bbhttps:\/\/oceanedphotographie.com\/index.php\/contact\/\u00a0\u00bb button_text=\u00a0\u00bbEn Savoir Plus\u00a0\u00bb button_alignment=\u00a0\u00bbleft\u00a0\u00bb _builder_version=\u00a0\u00bb4.9.2&Prime; _module_preset=\u00a0\u00bbdefault\u00a0\u00bb custom_button=\u00a0\u00bbon\u00a0\u00bb button_text_size=\u00a0\u00bb16px\u00a0\u00bb button_text_color=\u00a0\u00bbgcid-e831b10f-635f-4881-9728-dfa2e7798a59&Prime; global_colors_info=\u00a0\u00bb{%22gcid-e831b10f-635f-4881-9728-dfa2e7798a59%22:%91%22button_text_color%22%93}\u00a0\u00bb][\/et_pb_button][\/et_pb_column][\/et_pb_row][\/et_pb_section]<\/p>\n","protected":false},"excerpt":{"rendered":"<p>[et_pb_section fb_built=\u00a0\u00bb1&Prime; _builder_version=\u00a0\u00bb4.9.2&Prime; _module_preset=\u00a0\u00bbdefault\u00a0\u00bb][et_pb_row _builder_version=\u00a0\u00bb4.9.2&Prime; _module_preset=\u00a0\u00bbdefault\u00a0\u00bb custom_padding=\u00a0\u00bb8px||7px|||\u00a0\u00bb locked=\u00a0\u00bboff\u00a0\u00bb][et_pb_column type=\u00a0\u00bb4_4&Prime; _builder_version=\u00a0\u00bb4.9.2&Prime; _module_preset=\u00a0\u00bbdefault\u00a0\u00bb][et_pb_text _builder_version=\u00a0\u00bb4.9.2&Prime; _module_preset=\u00a0\u00bbdefault\u00a0\u00bb text_font=\u00a0\u00bbCormorant Garamond||||||||\u00a0\u00bb header_2_font=\u00a0\u00bb|700|||||||\u00a0\u00bb header_2_text_align=\u00a0\u00bbcenter\u00a0\u00bb header_2_text_color=\u00a0\u00bbgcid-924db58c-62d6-4908-ae75-bfc6cc1e8ca3&Prime; header_2_font_size=\u00a0\u00bb31px\u00a0\u00bb custom_margin=\u00a0\u00bb-6px||16px|||\u00a0\u00bb global_colors_info=\u00a0\u00bb{%22gcid-924db58c-62d6-4908-ae75-bfc6cc1e8ca3%22:%91%22header_2_text_color%22%93}\u00a0\u00bb] Les Formules Famille [\/et_pb_text][et_pb_divider color=\u00a0\u00bbgcid-e831b10f-635f-4881-9728-dfa2e7798a59&Prime; _builder_version=\u00a0\u00bb4.9.2&Prime; _module_preset=\u00a0\u00bbdefault\u00a0\u00bb width=\u00a0\u00bb11%\u00a0\u00bb module_alignment=\u00a0\u00bbcenter\u00a0\u00bb custom_margin=\u00a0\u00bb||8px|||\u00a0\u00bb custom_padding=\u00a0\u00bb||0px|||\u00a0\u00bb global_colors_info=\u00a0\u00bb{%22gcid-924db58c-62d6-4908-ae75-bfc6cc1e8ca3%22:%91%93,%22gcid-e831b10f-635f-4881-9728-dfa2e7798a59%22:%91%22color%22%93}\u00a0\u00bb][\/et_pb_divider][et_pb_text _builder_version=\u00a0\u00bb4.9.2&Prime; _module_preset=\u00a0\u00bbdefault\u00a0\u00bb text_font=\u00a0\u00bbCormorant Garamond||||||||\u00a0\u00bb text_text_color=\u00a0\u00bbgcid-924db58c-62d6-4908-ae75-bfc6cc1e8ca3&Prime; text_font_size=\u00a0\u00bb16px\u00a0\u00bb text_orientation=\u00a0\u00bbcenter\u00a0\u00bb global_colors_info=\u00a0\u00bb{%22gcid-924db58c-62d6-4908-ae75-bfc6cc1e8ca3%22:%91%22text_text_color%22%93}\u00a0\u00bb][\/et_pb_text][\/et_pb_column][\/et_pb_row][et_pb_row column_structure=\u00a0\u00bb1_3,1_3,1_3&Prime; _builder_version=\u00a0\u00bb4.9.2&Prime; _module_preset=\u00a0\u00bbdefault\u00a0\u00bb locked=\u00a0\u00bboff\u00a0\u00bb][et_pb_column type=\u00a0\u00bb1_3&Prime; _builder_version=\u00a0\u00bb4.9.2&Prime; _module_preset=\u00a0\u00bbdefault\u00a0\u00bb][et_pb_image src=\u00a0\u00bbhttp:\/\/oceanedphotographie.com\/wp-content\/uploads\/2024\/04\/DSC0690-scaled.jpg\u00a0\u00bb title_text=\u00a0\u00bb_DSC0690&Prime; align=\u00a0\u00bbcenter\u00a0\u00bb _builder_version=\u00a0\u00bb4.9.2&Prime; _module_preset=\u00a0\u00bbdefault\u00a0\u00bb width=\u00a0\u00bb69%\u00a0\u00bb][\/et_pb_image][et_pb_text _builder_version=\u00a0\u00bb4.9.2&Prime; [&hellip;]<\/p>\n","protected":false},"author":1,"featured_media":0,"parent":0,"menu_order":0,"comment_status":"closed","ping_status":"closed","template":"","meta":{"_et_pb_use_builder":"on","_et_pb_old_content":"","_et_gb_content_width":"","footnotes":""},"class_list":["post-199","page","type-page","status-publish","hentry"],"_links":{"self":[{"href":"https:\/\/oceanedphotographie.com\/index.php\/wp-json\/wp\/v2\/pages\/199","targetHints":{"allow":["GET"]}}],"collection":[{"href":"https:\/\/oceanedphotographie.com\/index.php\/wp-json\/wp\/v2\/pages"}],"about":[{"href":"https:\/\/oceanedphotographie.com\/index.php\/wp-json\/wp\/v2\/types\/page"}],"author":[{"embeddable":true,"href":"https:\/\/oceanedphotographie.com\/index.php\/wp-json\/wp\/v2\/users\/1"}],"replies":[{"embeddable":true,"href":"https:\/\/oceanedphotographie.com\/index.php\/wp-json\/wp\/v2\/comments?post=199"}],"version-history":[{"count":5,"href":"https:\/\/oceanedphotographie.com\/index.php\/wp-json\/wp\/v2\/pages\/199\/revisions"}],"predecessor-version":[{"id":237,"href":"https:\/\/oceanedphotographie.com\/index.php\/wp-json\/wp\/v2\/pages\/199\/revisions\/237"}],"wp:attachment":[{"href":"https:\/\/oceanedphotographie.com\/index.php\/wp-json\/wp\/v2\/media?parent=199"}],"curies":[{"name":"wp","href":"https:\/\/api.w.org\/{rel}","templated":true}]}}